= 2*k - k + 3. Suppose -4*h + 7 = -1. Let j(s) = s**2 + 3*s - 7*s - k*s**h. Give j(-4).
0
Let q be -2 + (5 - (-2 - 0)). Suppose q*b = b. Let l(g) = -4 + g**3 + 1 - 3. Calculate l(b).
-6
Let w(y) be the first derivative of -y**4/4 + 2*y**3 - 4*y**2 + 6*y - 8. Suppose -2*d = -5*c - 8 - 7, 0 = d + c - 4. Give w(d).
-9
Suppose -i + 3 = 4. Let z = -2 - i. Let c(n) = 35*n**3 - 20*n**2 + 14*n + 14. Let s(l) = 12*l**3 - 7*l**2 + 5*l + 5. Let o(m) = -6*c(m) + 17*s(m). What is o(z)?
7
Let z = 14 + -15. Let v(y) = 8*y - 1. Give v(z).
-9
Let a(l) = l**2 - 6*l + 2. Let t(k) = k. Let n be t(4). What is a(n)?
-6
Let l(r) = 7*r**3 - 9*r**2 - 13*r - 15. Let n(z) = -3*z**3 + 4*z**2 + 6*z + 7. Let h(a) = -4*l(a) - 9*n(a). Give h(-2).
9
Let u(z) be the third derivative of -z**5/40 + z**3 - 2*z**2. Let a(c) be the first derivative of u(c). What is a(-2)?
6
Let l(j) be the third derivative of 5*j**4/24 + j**3/3 - 24*j**2. Calculate l(-3).
-13
Let y(f) = f**2 - f - 3. Suppose 0 = -o - 3*o + 104. Let n = 44 - o. Let r be n/27*9/2. What is y(r)?
3
Let s(t) be the first derivative of -t**7/840 + t**6/360 - t**5/120 + 5*t**4/24 - 2*t**3/3 - 4. Let w(a) be the third derivative of s(a). Calculate w(0).
5
Suppose z + 0 = 4*y + 3, 33 = 5*z - 2*y. Suppose -z*o = -9*o. Let x(f) = -f + 6. Determine x(o).
6
Let a(k) = -k + 5. Let o be ((-10)/6)/(8/(-24)). Suppose y - 8 = -5*n + 2, -10 = 4*y - o*n. Calculate a(y).
5
Let a(i) = 7*i - 8. Let z(g) = -5*g + 8. Let s(k) = -2*a(k) - 3*z(k). Determine s(7).
-1
Suppose -4*s = 5*t - 27, -32 + 6 = -4*t - s. Let c(l) = -l + 10. Determine c(t).
3
Let c = 2 - 1. Let v(k) = c + 5*k + 0*k + 0*k**2 - k**2. Let m be v(5). Let x(w) = -6*w**2 - w + 1. Determine x(m).
-6
Let g(t) = t - 7. Let k be ((-2)/2)/((-2)/14). Let a = -3 + k. What is g(a)?
-3
Let p(s) be the second derivative of -s**5/10 + s**4/4 - s**3/6 + 8*s. Suppose i = -2*i + 6. Determine p(i).
-6
Let j(v) be the second derivative of -v**3/3 + 2*v**2 + 2*v. Suppose 10 = s + s. What is j(s)?
-6
Let u(c) = -c**2 - c + 1. Let f(m) = -5*m**2 - 8*m**2 + 2*m**2 + 3 - 5*m + 3*m**2. Let y(s) = -f(s) + 4*u(s). Calculate y(-1).
4
Let f(h) = -h + h**2 + 3 + 8 + 8*h - 3. Calculate f(-6).
2
Let u(z) = -z**3 - 10*z**2 + 12*z + 14. Let k be u(-11). Suppose k*l - 4*l + 6 = 0. Let r(y) = -y**2 + 6*y + 3. What is r(l)?
3
Let h = -10 - -14. Let g(q) = -4*q**3 - 8*q**2 - 2*q + 5. Let t(c) = 5*c**3 + 8*c**2 + c - 4. Let d(z) = h*g(z) + 3*t(z). Calculate d(-7).
-6
Let b(c) = 0*c**2 + 6 + 8*c + 0 + c**2. Let n be 3/15 + 93/(-15). Let q be 39/n - 3/(-2). Give b(q).
-9
Let c(f) be the second derivative of -3/2*f**2 + 0 - 1/6*f**3 - 4*f + 1/12*f**4. Suppose -3 - 9 = 4*b. What is c(b)?
9
Suppose 0 = -6*o + 4*o - 8. Let s be (-2)/(-4)*o*1. Let y(f) = f. What is y(s)?
-2
Let r = 11 + -1. Suppose -4*x = x - r. Suppose -x*q - 2 - 4 = 0. Let a(d) = -2*d**2 - 4*d - 1. What is a(q)?
-7
Suppose -3*c - 3 = 2*u, 4*u - u = 2*c + 2. Let a be u + ((-8)/(-4) - -3). Let p(k) = -2*k + 4. Determine p(a).
-6
Let t(f) be the second derivative of -f**6/720 + f**5/120 - f**4/4 + f. Let q(v) be the third derivative of t(v). Let i be (-1)/5 - 22/(-10). Calculate q(i).
-1
Let m(i) = i**3 + 5*i**2 + 4*i + 3. Let d be ((-1)/(-3))/(5/15). Let p be d/(2 + (-15)/6). What is m(p)?
7
Let p(l) = 2*l**2 - 3*l + 1. Let k(s) = -5*s**2 + 6*s - 3. Let c(y) = -3*k(y) - 7*p(y). Calculate c(-4).
6
Suppose m = 3 + 1. Let r(q) = 2*q - 8*q + 2*q + 6. What is r(m)?
-10
Suppose -2*s = -16 + 18. Let d(k) = 11*k**2 - 4*k + 5. Let g(a) = 10*a**2 - 3*a + 4. Let x(q) = 3*d(q) - 4*g(q). Determine x(s).
-8
Let y = -5 - -2. Let b be -1 - 1 - (-3 - y). Let c(t) = 12*t + 2. Let k(h) = 4*h + 1. Let s(u) = 2*c(u) - 7*k(u). Give s(b).
5
Let a be ((-7)/21)/((-2)/12). Suppose 5*v = -5*h + 5, -5*v = -6*v - a. Let f(w) = -5*w - h + 8*w**3 + 2 + 3*w - 2*w**2. Give f(-1).
-9
Let l(f) = f**2 + 2*f. Suppose -5*z - 2 = 3. Give l(z).
-1
Let l(a) = -a**2 - 9*a - 9. Let f be (-4)/(-1 + 5)*9. Determine l(f).
-9
Let m(l) be the third derivative of -l**6/120 - l**5/10 - 5*l**4/24 - l**3/3 + l**2. Let v = 16 + -11. Let n be (-28)/v - 9/(-15). Give m(n).
-2
Let s(a) = 6*a**2 - 4*a + 11. Let f(x) = -3*x**2 + 2*x - 5. Let c = 16 - 9. Let z(n) = c*f(n) + 3*s(n). What is z(2)?
-10
Let a(w) = 99 - 99 - 9*w**2. What is a(1)?
-9
Let n(w) = w**2 - 5*w. Suppose 22 = 7*b - 13. Let c be ((-6)/(-2) - 2) + 22. Suppose -b*a + 2 = -c. What is n(a)?
0
Let o(g) = -g**3. Let r(q) = -5*q**3 + 4*q**2 + 3*q + 1. Let t(h) = 6*o(h) - r(h). Let l(y) = -y**2 - 2*y + 1. Let j be l(1). Determine t(j).
-3
Let c(o) = o + 2. Let a be c(-10). Let y(p) = p + 3. Give y(a).
-5
Let y be 3*(0 + (-1)/3). Let g(a) = 11*a**3 - 4*a**2. Let t(i) be the first derivative of 3*i**4/4 - i**3/3 - 3. Let l(u) = -2*g(u) + 9*t(u). What is l(y)?
-6
Let j be ((-6)/8)/(1/(-4)). Let b(x) = -3 + 3 + 4*x + 6 - 9. Determine b(j).
9
Let p(m) = -m**2 + m - 1. Let d(f) = 2*f**2 + 6*f - 5. Let u(c) = -d(c) - 3*p(c). Calculate u(9).
8
Let t be (-39)/(-6) - 1/2. Let p = 7 - t. Let c(d) be the third derivative of -d**6/15 - d**5/60 + d**4/12 - d**3/6 - d**2. Give c(p).
-8
Let n(j) be the first derivative of 3*j**2 - 2*j - 30. Give n(-3).
-20
Let r(a) = -a + 1. Let d(q) = -2*q**2 + 3*q + 3. Let c be d(3). Let k(h) = h. Let j(u) = c*k(u) - 5*r(u). Determine j(-6).
1
Let z(w) = -w**2 - 2*w + 1. Let s be 1*(1 + -2 + 2). Let j be -1 + 0 + (s - 4). What is z(j)?
-7
Let w(l) = l - 1. Let y(i) = i**2 + 13*i - 9. Let p(f) = -5*w(f) + y(f). What is p(-6)?
-16
Let c(p) = -p + 2. Let k = 11 + -6. Suppose -k = -0*j + j. Give c(j).
7
Let p = 5 - 7. Let r be (-1)/(p/(12 + 0)). Let c(z) = -5 + r + 0 - z. Determine c(-3).
4
Let k(y) be the third derivative of y**6/720 + y**5/30 - y**4/24 - 4*y**2. Let t(s) be the second derivative of k(s). Calculate t(-2).
2
Let f(h) = -h**2 - 3*h + 3. Let y be f(-3). Let j(u) = -u + 8. Let o be j(6). Let g(i) = i**y + i - 2*i**o - i**2 + 0*i**2. What is g(3)?
3
Let p(h) = 3*h**3 + 6*h**2 - 4*h - 4. Let f(w) = w**3 - w + 1. Let y(v) = 2*f(v) - p(v). Give y(-6).
-6
Let o(v) = -v**2 - 7*v - 2. Let t = -66 + 58. Give o(t).
-10
Let m(u) = u**3 - 2*u**2 - 3*u + 3. Let b be m(2). Let d(q) = -q**2 - 4*q - 2. What is d(b)?
1
Let z(m) = -2*m**3 + m**2 - 2*m - 4. Let v be 15/(-6)*18/15. Let x(p) = -3*p**3 + 3*p**2 - 4*p - 8. Let l(t) = v*x(t) + 5*z(t). Calculate l(-4).
-4
Let h = 20 + -12. Let p = -13 + h. Let z(c) = c**3 + 4*c**2 - 3*c + 2. Calculate z(p).
-8
Let b(c) = -9*c**2 + 2*c + 1. Let i = 47 + -48. Give b(i).
-10
Let x = 5 - 2. Let c = 1 - -4. Suppose 6*t - t - x*p = 20, -c*t + 20 = 3*p. Let g(u) = -u**3 + 3*u**2 + 5*u - 2. What is g(t)?
2
Let k = -147 - -145. Let t(g) = 2*g + 1. Give t(k).
-3
Suppose 4*d = v + 9, 2*v - d - 6 = -v. Let t(j) = -v*j - 6 - 3*j + 9*j. Give t(4).
6
Let i(l) = -l. Let j = -2 + -1. Let m be i(j). Let c(k) = 2*k**2 - 6 + 0*k + 8 - 4*k. Give c(m).
8
Let y(k) = -3*k**2 - 1. Let v = -6 + 12. Suppose q - v*q = 0. Suppose -5*c - 13 = -4*j, -4*c - j - 2 + q = 0. Calculate y(c).
-4
Let f(c) be the third derivative of -c**6/180 + c**5/60 + c**4/12 - 2*c**3/3 + 4*c**2. Let x(m) be the first derivative of f(m). Calculate x(3).
-10
Let h(k) = k - 1. Let f = 1 - 2. Let u(q) = -2*q - 3. Let n(a) = f*h(a) - u(a). Give n(-5).
-1
Let c(m) = -m**2 + 7*m + 6. Let q be c(8). Let h be (q/(-8))/((-1)/4). Let t(n) = 2*n - 1. What is t(h)?
-3
Let s(z) be the second derivative of z**5/20 + z**4/2 + 4*z**3/3 + 2*z**2 + 3*z. What is s(-5)?
-11
Let g(z) be the third derivative of z**5/60 + 5*z**4/24 + z**3/3 + 2*z**2. Determine g(-4).
-2
Let n = 0 - 1. Let b be n + -1 + (-18)/(-3). Let k(z) = z**3 + 10*z**2 - z - 7. Let y(i) = i**3 + 11*i**2 - 2*i - 7. Let w(j) = b*y(j) - 5*k(j). What is w(-5)?
-3
Suppose 4*h + 7 = -g - 2*g, -3*g = -3*h. Let b be 1*(-1)/(-1)*h. Let d(m) be the second derivative of -m**3/3 + m**2/2 - 19*m. Give d(b).
3
Suppose 0 = -8*i + 4*i - 4. Let s(f) = f**3 + f. Let o(x) be the second derivative of x**5/2 + x**3/6 - x**2/2 + x. Let y(l) = i*s(l) + o(l). Calculate y(-1).
-10
Let r be 6/15 - 23/(-5). Let o(i) = i - 6. Determine o(r).
-1
Let f(y) = -2*y + 16. Let q(a) = -1. Let t(s) = -f(s) - 10*q(s). Determine t(4).
2
Let m = 3433/780 + -57/13. Let t(w) be the third derivative of 0 - 1/3*w**3 - w**2 + m*w**5 +